ite?
False
Let b = 389 + -425. Is b/(-198) + (-38960)/(-11) - -3 a composite number?
True
Suppose 18*n = 29846 - 14023 + 83051. Is n composite?
True
Is 0*(-11)/(-77) - -227417 composite?
True
Is 22825/25*(12/4)/(-2 - -5) prime?
False
Let r(g) = 1536*g**2 - 15*g + 248. Is r(9) prime?
True
Let t(i) = -263*i - 44. Let w(c) = -88*c - 15. Let f(v) = -6*t(v) + 17*w(v). Let m be f(3). Let q = m + -128. Is q prime?
True
Suppose 4*a - 5*d + 12982 + 76047 = 0, 5*a - 5*d + 111285 = 0. Let h = a + 36049. Is h a composite number?
True
Suppose -16*p = -18*p + 4*o + 217638, p = -o + 108822. Is p composite?
False
Let v = 380 + -380. Suppose 2*d + c - 32194 = v, c + 64388 = 3*d + d. Is d a prime number?
True
Let t(f) = -2939*f + 703. Is t(-20) prime?
False
Suppose -3*t + 18 = -0*t. Let l(m) = -364*m - 673. Let k be l(-12). Suppose i - t*i = -k. Is i prime?
True
Suppose 0 = 5*s + 15, 3*r + 2*s + 3221 + 3985 = 0. Let d = r + 4121. Is d composite?
False
Let u(g) = -2*g**2 - 26*g - 44. Let a be u(-31). Let r = -799 - a. Is r a composite number?
True
Let k be 12/90 + 18848/(-60). Is (4/2 - 27/2)*k a prime number?
False
Suppose 3*s + 4*t = 58, 0 = t - 1 + 3. Let q(c) = 2*c + 12. Let y be q(s). Suppose 4*l = -y + 160. Is l prime?
False
Suppose -203 = 5*f - 148. Let i(z) = z**2 - 23*z + 15. Is i(f) composite?
False
Let p(h) = -75 - 115*h + 111*h + 50*h + 82*h. Is p(16) a prime number?
True
Suppose 1330 + 3322 = -4*t. Suppose 8616 = -740*f + 744*f. Let w = t + f. Is w a prime number?
True
Suppose 48*f - 49*f + 3533 = 0. Suppose -1765 = -i + 2*y, -2*i + f = -7*y + 2*y. Is i composite?
False
Let g(q) = -122*q - 65. Let y be g(6). Let a = 2548 + y. Is a a prime number?
False
Let u be (-24)/132 - ((-24)/11 + 0). Let m be (2 + u)*12/16. Suppose 780 = m*g - 129. Is g composite?
True
Let v = -13 - -22. Suppose -3*k + v - 6 = 0. Is (-2 + k + -2)*158/(-3) a prime number?
False
Suppose -2*v - 2037 = -5*v. Suppose 2*d = 5*m + v, 0 = -0*d - 3*d - m + 1027. Let w = 151 + d. Is w a composite number?
True
Let b(w) = 105945*w - 4154. Is b(5) a prime number?
True
Is (0 + 2 + (-118195 - -4))/((-10)/10) a composite number?
False
Suppose -5*r - 9*i = -8*i - 3177891, 2542338 = 4*r + 5*i. Is r a prime number?
False
Let z(h) = h - 11. Let v be z(-4). Is (v/(-20) - 1)*-2*2918 composite?
False
Suppose -3*a + a - 6 = 0. Let l be (-3456)/4 - (6 + a). Is (l/6)/(1*3/(-6)) a prime number?
False
Let b(r) = 2177*r**3 - 28*r**2 + 105*r + 4. Is b(5) prime?
False
Suppose -12*t + 12299 = -9565. Let r = -1004 + t. Suppose 2*g = -m + 670, -4*m + 851 + r = 5*g. Is g composite?
False
Suppose -8*u = 976 - 1024. Suppose -u*h + 11091 = -23007. Is h a prime number?
True
Suppose -3*p + 2*p + 2481 = 4*x, 3*x = -p + 2485. Is 6/18*3*p a composite number?
True
Let i(k) = -k**2 - 7*k + 2. Let z be i(-6). Let g = 14 - z. Suppose 0 = -11*m + g*m + 3445. Is m prime?
False
Let i be ((3 - -1) + -6)*-1. Suppose 0*y = -y - i*f + 568, y + 4*f = 562. Let g = -315 + y. Is g composite?
True
Suppose 15*u = -13249 - 311. Let z = u + 1533. Is z prime?
False
Let p = -835 - -839. Suppose 4*k - 3*v = 85061, p*v + 85086 = 4*k + 6*v. Is k a prime number?
True
Let x be (16/6)/((-6)/(-9)). Suppose 2*l + x*d - 10 = 0, 4*l - 3*d - 33 = 2*d. Let b(y) = 77*y + 8. Is b(l) prime?
True
Suppose 4*t = 3*t + 4. Suppose -84019 = -4*h + 3*n, 19*h + t*n + 63009 = 22*h. Is h prime?
False
Let r(m) be the first derivative of -223*m**7/168 - m**6/360 - m**5/40 - m**4/12 + 16*m**3/3 + 6. Let b(d) be the third derivative of r(d). Is b(-1) prime?
False
Suppose 2*f = 3*u - 1126211, 1202369 = 4*u - f - 299254. Is u a prime number?
True
Let z = -56741 - -88945. Suppose -z = -6*s + 11296. Suppose -1820 = 2*r - 3*r - 2*w, 4*r - s = 2*w. Is r prime?
False
Let q(o) = 2399*o**2 + 116*o + 192. Is q(19) composite?
True
Let o = -137 - -98. Let c = 38 + o. Is ((-5)/10*2)/(c/1583) composite?
False
Let l(u) be the second derivative of 386*u**3/3 + 95*u**2/2 + 4*u + 2. Is l(8) a prime number?
True
Let t = 46 + -55. Let y(r) = -4 - 11*r - 4*r**3 - 28*r**2 + 14 + 0*r**3 + 16*r**2. Is y(t) a composite number?
False
Suppose -3*i + 5*v + 4764 = 0, 0*i - 5*v = 2*i - 3151. Let b = i + 54. Is b prime?
True
Let q(p) = -p**3 + p**2 - 21*p + 238897. Is q(0) prime?
True
Let r be (1/((-12)/(-2010)))/((-1)/(-94)). Suppose 19670 = 5*j - 0*n + 5*n, -5*n = -4*j + r. Is j composite?
True
Is (((-14)/(-4) - 0) + -2)/((-1389)/(-81207422)) prime?
True
Suppose -20184 = -4*m + 4*z, -m + 5067 = 2*z - 6*z. Is m a prime number?
True
Suppose -3425011 - 1464513 = -92*r. Is r prime?
True
Is 4/86 + (-59817150)/(-5074) composite?
False
Suppose 3*n + 9 = 0, 4*k - 24 = -0*n + 4*n. Suppose k*j + 380 - 1619 = 0. Is j composite?
True
Let c = -20 - -167. Let y = c + -95. Suppose -2*i - 271 = -n + y, 0 = -4*n + 2*i + 1316. Is n prime?
True
Let g be (-67)/(-5) + (6 - (-256)/(-40)). Suppose -79 = g*q - 27. Is q/(-26) - (-20406)/26 composite?
True
Suppose -20*g + 14 - 54 = 0. Is (g*4748/(-16))/((-7)/(-14)) a composite number?
False
Suppose 36*j = 38*j - 1782526. Is j composite?
True
Suppose -38032 = -22*x - 189370. Is (x + (2 - 10))*(0 + -1) a composite number?
True
Suppose -q + 5*q - 7072 = 0. Let m = q - -3499. Suppose 9*k - 412 - m = 0. Is k a composite number?
False
Let i = -398 - -391. Let a be (-18)/45*10/2. Is 19088/28 + -5 + a/i a prime number?
True
Let h(w) = 32*w + 9. Let v be h(-2). Let f = 255 + v. Suppose 0 = -7*d + 3447 + f. Is d a prime number?
True
Suppose 173*s = 190*s - 18275357. Is s a prime number?
True
Suppose 64*c - 20098516 = -124*c. Is c prime?
True
Suppose -135*m + 30*m = -4656855. Is m a prime number?
True
Suppose -5*z + 4277 = 1502. Let m = z - -848. Is m a prime number?
False
Suppose -2*w + 498074 = 160*o - 164*o, -o = 4*w - 996148. Is w prime?
True
Let n(r) = -4332*r**3 - 25*r**2 + 12*r + 23. Is n(-3) a composite number?
True
Suppose 204*h = 22542911 - 4444180 + 10841321. Is h a composite number?
False
Let o(i) = 189*i**3 + 10*i**2 + 14*i - 76. Is o(7) prime?
False
Let d = -11704 - -70127. Is d a prime number?
False
Let l = -25934 + 57891. Is l prime?
True
Let z be (-1 - (-5 + 3)) + (-9482)/(-2). Suppose 3*w = -5*f + 7564, 3*f + z = 5*w - 7842. Is w prime?
False
Let z(t) = -69*t**3 + 37*t**2 - 15*t + 264. Is z(-17) prime?
False
Is -13 - (9 - 17) - -319998 a prime number?
True
Is ((-60)/24)/((-3)/((-17870652)/(-30))) composite?
True
Let b(q) = 8664*q - 1043. Is b(36) composite?
False
Let q be -6*(-135)/5*7. Suppose -z = -q + 260. Let o = z - 435. Is o prime?
True
Let d = -50394 - -89224. Is ((-12)/(-18))/(-3 + d/12942) a prime number?
False
Is (-17)/((-136)/31944) - 4 composite?
False
Let b(u) be the third derivative of -2/3*u**3 + 1/3*u**4 + 29/60*u**5 + 0*u + 0 - 11*u**2. Is b(5) a prime number?
True
Let y(r) = r**3 + 106*r**2 + 79*r - 1156. Is y(-95) composite?
True
Suppose 3*i = 29*i + 15*i - 6550939. Is i prime?
True
Suppose -4*y = 394*i - 393*i - 12722827, i = -3*y + 9542120. Is y a composite number?
False
Suppose 74074 = -26*x + 40*x. Let r = x - 3090. Is r a composite number?
True
Is 255247*5/2 - (-1)/6*-3 composite?
False
Let a(m) = 14*m**2 + 253*m - 611. Is a(-62) a prime number?
False
Suppose -77*w + 52856234 - 1395055 = 0. Is w composite?
True
Let y(j) = -3*j + 18. Let f be y(10). Let r(k) = 3*k + 37. Let z be r(f). Is 2 - (z + -1) - (-41 + -114) a composite number?
False
Suppose 5*j + 3 = -l, 0*j + 9 = -3*j + 3*l. Is (-56)/(-8) - j - -7631 a prime number?
True
Let o = 44 + -29. Let k be (-2)/(113/371 - (-8)/(-28)). Is k*(o/6 - 4) a composite number?
True
Let c(b) = 1132*b**2 + 8*b + 1. Is c(13) a prime number?
True
Suppose 0 = 2*l - 5*n - 1, -5*n - 7 = -4*l. Is 4*l/12*2609 a composite number?
False
Suppose 0 = -21*o - 2130 + 618. Suppose l - 6 = -2*l. Is l/12 - 123684/o a prime number?
False
Let l = -837 + 937. Suppose 0 = 5*k + 5*d + 2125, 0 = 4*d - 8. Let z = l - k. Is z a composite number?
True
Suppose 3*q - 5110 = -s, 5*q = 4*s - 0*q - 20457. Is s composite?
False
Suppose 161*y - 8562460 = 27*y - 54*y. Is y composite?
True
Let a(z) = 8944*z**3 - 2*z**2 - 18*z + 10. Is a(3) a composite number?
True
Is 0 + 7021768/24 - 40/15 prime?
False
Suppose -5*z = -5*o - 5, -12 + 11 = 4*o - 3*z. Let c(r) = 4124*r**2 - 2*r + 9. Is c(o) a composite number?
True
Is 3 - 12710/((1/(-